{"id":1621,"date":"2018-03-12T11:48:02","date_gmt":"2018-03-12T09:48:02","guid":{"rendered":"http:\/\/www.ttas.ee\/?page_id=1621"},"modified":"2018-03-12T12:32:34","modified_gmt":"2018-03-12T10:32:34","slug":"teenused","status":"publish","type":"page","link":"https:\/\/www.ttas.ee\/index.php\/teenused\/","title":{"rendered":"Teenused"},"content":{"rendered":"<p style=\"text-align: left;\">Tallinna Teede Aktsiaselts pakub teede ehitust ja hooldust \u00fcle Eesti. Omame kogemust igas mahus ehitust\u00f6\u00f6de teostamisel &#8211; kruusateed, platsid, parklad, mahas\u00f5idud, staadionid, tugimaanteed, p\u00f5himaanteed, sadamad, logistikakeskused ja isegi lennujaamad.<\/p>\n<p style=\"text-align: left;\">Oleme valmis tegelema igas mahus teede ja rajatiste ehitusega. Olenemata objekti suurusest teostame t\u00f6\u00f6d professionaalselt ja kvaliteetselt.<\/p>\n<p>Tegevusalad on \u00fcldistatult jagatud:<\/p>\n<ul class=\"arrow2\">\n<li><a href=\"https:\/\/www.ttas.ee\/index.php\/teenused\/platside-ja-parklate-ehitus\/\">Platside ja praklate ehitus<\/a><\/li>\n<li><a href=\"https:\/\/www.ttas.ee\/index.php\/teenused\/teede-ja-rajatiste-ehitus\/\">Teede ja rajatiste ehitus ja rekonstrueerimine<\/a><\/li>\n<li><a href=\"https:\/\/www.ttas.ee\/index.php\/teenused\/teede-hooldus\/\">Teede hooldus<\/a><\/li>\n<li><a href=\"https:\/\/www.ttas.ee\/index.php\/teenused\/asfaltbetoonsegude-tootmine\/\">Asfaltbetoonsegude tootmine<\/a><\/li>\n<li><a href=\"https:\/\/www.ttas.ee\/index.php\/teenused\/ehitusmaterjalide-kaevandamine\/\">Ehitusmaterjalide kaevandamine<\/a><\/li>\n<li><a href=\"https:\/\/www.ttas.ee\/index.php\/teenused\/labor\/\">Labor<\/a><\/li>\n<\/ul>\n","protected":false},"excerpt":{"rendered":"<p>Tallinna Teede Aktsiaselts pakub teede ehitust ja hooldust \u00fcle Eesti. Omame kogemust igas mahus ehitust\u00f6\u00f6de teostamisel &#8211; kruusateed, platsid, parklad, mahas\u00f5idud, staadionid, tugimaanteed, p\u00f5himaanteed, sadamad, logistikakeskused ja isegi lennujaamad. Oleme valmis tegelema igas mahus teede ja rajatiste ehitusega. Olenemata objekti suurusest teostame t\u00f6\u00f6d professionaalselt ja kvaliteetselt. Tegevusalad on \u00fcldistatult jagatud: Platside ja praklate ehitus Teede [&hellip;]<\/p>\n","protected":false},"author":1,"featured_media":0,"parent":0,"menu_order":0,"comment_status":"closed","ping_status":"closed","template":"","meta":{"footnotes":""},"class_list":["post-1621","page","type-page","status-publish","hentry"],"_links":{"self":[{"href":"https:\/\/www.ttas.ee\/index.php\/wp-json\/wp\/v2\/pages\/1621"}],"collection":[{"href":"https:\/\/www.ttas.ee\/index.php\/wp-json\/wp\/v2\/pages"}],"about":[{"href":"https:\/\/www.ttas.ee\/index.php\/wp-json\/wp\/v2\/types\/page"}],"author":[{"embeddable":true,"href":"https:\/\/www.ttas.ee\/index.php\/wp-json\/wp\/v2\/users\/1"}],"replies":[{"embeddable":true,"href":"https:\/\/www.ttas.ee\/index.php\/wp-json\/wp\/v2\/comments?post=1621"}],"version-history":[{"count":4,"href":"https:\/\/www.ttas.ee\/index.php\/wp-json\/wp\/v2\/pages\/1621\/revisions"}],"predecessor-version":[{"id":1635,"href":"https:\/\/www.ttas.ee\/index.php\/wp-json\/wp\/v2\/pages\/1621\/revisions\/1635"}],"wp:attachment":[{"href":"https:\/\/www.ttas.ee\/index.php\/wp-json\/wp\/v2\/media?parent=1621"}],"curies":[{"name":"wp","href":"https:\/\/api.w.org\/{rel}","templated":true}]}}